e m(8).
-48
Let h(f) = -45*f - 1153. Determine h(-34).
377
Let b(q) = 5266*q + 3. Determine b(0).
3
Let i(q) = 11*q - 233. Determine i(50).
317
Let a(i) = -i**2 - i - 70. Determine a(0).
-70
Let t(k) = 22*k + 293. Calculate t(-12).
29
Let u(v) = -v**2 + 45*v - 104. Give u(35).
246
Let d(k) = 2*k**2 + 37*k + 65. Calculate d(-9).
-106
Let u(x) = -25*x - 56. Give u(-1).
-31
Let q(t) = -2*t**3 - 6*t + 8. Calculate q(2).
-20
Let r(n) = -51*n + 315. Give r(2).
213
Let n(i) = -39*i - 417. What is n(-7)?
-144
Let w(g) = g**3 + 43*g**2 - 5*g - 218. Determine w(-43).
-3
Let u(t) = -2*t**3 - 30*t**2 + 493*t - 7. Give u(10).
-77
Let i(w) = -4*w**2 - 90*w + 79. Determine i(-24).
-65
Let q(y) = 19*y**2 + 33*y + 75. Give q(-3).
147
Let p(u) = -9*u**2 - 117*u - 360. Determine p(-7).
18
Let p(l) = 9*l**2 - 24*l + 47. Calculate p(4).
95
Let z(w) = 6*w**3 + 3*w**2 - 21*w - 23. Calculate z(-1).
-5
Let m(l) = -16*l + 179. Calculate m(13).
-29
Let a(d) = 2*d**3 - 156*d**2 - d + 62. Determine a(78).
-16
Let j(n) = -42*n - 2892. Calculate j(-69).
6
Let k(l) = -906*l - 6347. What is k(-7)?
-5
Let s(r) = -r**3 - 14*r**2 - 3*r + 133. Calculate s(-4).
-15
Let d(q) = -q**3 + 3*q**2 + 395*q - 1184. Calculate d(3).
1
Let i(u) = 6302*u + 113447. Give i(-18).
11
Let k(d) = 159*d + 759. Calculate k(-5).
-36
Let t(n) = n**2 + 931*n + 6459. Calculate t(-7).
-9
Let v(r) = -r**3 - 22*r**2 + 552*r - 31. Calculate v(15).
-76
Let w(g) = -g**2 - 58*g + 527. Calculate w(-66).
-1
Let n(f) = -f**3 - 15*f**2 - 14*f + 1. What is n(-6)?
-239
Let r(f) = 501*f - 5008. Determine r(10).
2
Let n(r) = r**3 - 52*r**2 - 30*r + 1538. Determine n(52).
-22
Let b(i) = 16*i**2 + 129*i + 6. What is b(-8)?
-2
Let c(l) = 45*l - 5. Give c(-5).
-230
Let r(p) = -103*p**2 + 3607*p - 66. What is r(35)?
4
Let g(a) = a**3 - 32*a**2 + 187*a + 51. What is g(8)?
11
Let r(t) = -12*t**2 - 351*t - 30. Determine r(-29).
57
Let v(z) = 10*z**3 - 71*z**2 - z + 14. Give v(7).
-42
Let f(c) = -c**3 - 5*c**2 + 12*c + 2. Determine f(-6).
-34
Let d(s) = -28*s - 14. Calculate d(3).
-98
Let r(n) = -201*n**3 - 1. What is r(-1)?
200
Let d(v) = -37*v**2 - 10*v - 8. Give d(-1).
-35
Let u(s) = -3036*s - 6079. Calculate u(-2).
-7
Let t(d) = d**3 + 40*d**2 + 84*d + 260. Determine t(-38).
-44
Let p(k) = k**3 + 27*k**2 - 21*k - 568. What is p(-27)?
-1
Let f(u) = -3*u**2 - 570*u - 1683. Give f(-3).
0
Let f(x) = x**2 - 91*x + 1430. Determine f(70).
-40
Let h(r) = 28*r**2 - 1513*r + 63. Calculate h(54).
9
Let c(l) = -l**3 - 3*l**2 + 16*l + 19. Give c(-4).
-29
Let u(o) = 13*o + 18. What is u(23)?
317
Let h(z) = -12*z**2 - 104*z + 84. Give h(-10).
-76
Let i(u) = -2*u**2 - 78*u - 291. What is i(-35)?
-11
Let m(d) = -d**3 - 40*d**2 - 36*d - 3. Calculate m(-39).
-120
Let n(j) = 1382*j - 16617. Calculate n(12).
-33
Let u(i) = -i**3 + 44*i**2 - 149*i - 426. What is u(40)?
14
Let a(q) = 10*q**2 - 84*q + 240. What is a(3)?
78
Let a(b) = -8*b**3 - 2*b**2 + 155*b + 156. Give a(-1).
7
Let n(s) = -s**2 + 1921*s - 24793. Determine n(13).
11
Let o(s) = s**3 - 14*s**2 - 9*s - 13. Calculate o(-3).
-139
Let w(g) = -g**3 + 91*g**2 - 1766*g + 12. What is w(28)?
-44
Let a(g) = -g**3 + 128*g**2 + 140*g - 1215. Give a(129).
204
Let l(r) = -257*r**2 + 13*r - 13. What is l(1)?
-257
Let k(n) = -365*n + 3654. Determine k(10).
4
Let d(g) = -139*g - 60. Calculate d(2).
-338
Let u(t) = t**3 - 4*t**2 - 124*t + 17. Determine u(13).
-74
Let i(q) = 58*q + 1039. Give i(-16).
111
Let v(j) = -j**2 - 50*j + 328. Calculate v(6).
-8
Let a(r) = r**3 - r**2 + 3*r + 1. Calculate a(0).
1
Let q(o) = 6*o - 314. Give q(51).
-8
Let z(n) = -n**3 + 5*n**2 - 5. Give z(1).
-1
Let v(y) = -5*y - 108. Give v(-19).
-13
Let f(v) = -2*v**2 - 11*v + 10. Determine f(-12).
-146
Let o(r) = -547*r + 6498. Calculate o(12).
-66
Let m(u) = 5*u**3 - 3*u**2 - 4*u + 43. Determine m(0).
43
Let t(z) = -z**3 - 14*z**2 - 4*z - 58. What is t(-14)?
-2
Let m(h) = h**3 + 64*h**2 + 126*h + 143. Give m(-62).
19
Let a(v) = 30*v + 1520. Give a(-50).
20
Let l(w) = -281*w + 8986. Give l(32).
-6
Let y(l) = l**2 - 138*l + 2397. Give y(21).
-60
Let a(t) = 390*t + 6653. Calculate a(-17).
23
Let p(t) = -15*t + 269. What is p(14)?
59
Let g(s) = 9*s**2 + 62*s - 18. Calculate g(-7).
-11
Let d(g) = -6*g**2 - 699*g - 1022. What is d(-115)?
13
Let h(n) = 3*n**3 - 10*n**2 + 2*n - 500. What is h(0)?
-500
Let s(j) = -19*j**2 + 149*j + 27. What is s(8)?
3
Let r(q) = -9*q**2 + 37*q - 10. What is r(4)?
-6
Let w(m) = -7375*m + 14747. Determine w(2).
-3
Let d(k) = k**2 + 308*k - 3784. What is d(12)?
56
Let i(u) = u + 686. Calculate i(-50).
636
Let t(f) = -3*f**2 - 181*f - 2. Calculate t(0).
-2
Let u(i) = -178*i - 348. Calculate u(-4).
364
Let s(r) = 122*r - 2948. Determine s(26).
224
Let s(b) = 712*b + 413. Give s(-1).
-299
Let y(i) = i**3 - 89*i**2 + 258*i + 1. Determine y(86).
1
Let p(l) = 17*l + 401. Determine p(-32).
-143
Let c(z) = -36*z**2 + 614*z - 42. Determine c(17).
-8
Let p(r) = 2*r + 25. Calculate p(-3).
19
Let c(p) = -9*p**3 + 7*p**2 - 2*p - 1. Calculate c(3).
-187
Let c(f) = -26*f**3 + 2*f**2 + 6*f - 6. What is c(1)?
-24
Let u(x) = -3*x**2 + 60*x + 13. Calculate u(19).
70
Let t(c) = -63*c + 132. Calculate t(2).
6
Let q(j) = -214*j + 72. Determine q(4).
-784
Let t(w) = 134*w**2 - 80*w + 80. Calculate t(1).
134
Let r(z) = -z**2 + 252*z - 1227. Determine r(5).
8
Let t(g) = 172*g + 1714. Give t(-10).
-6
Let g(k) = 5*k**2 - 269*k + 975. What is g(50)?
25
Let z(v) = -26*v + 99. Calculate z(4).
-5
Let o(d) = -32*d + 1670. Determine o(40).
390
Let n(o) = 14*o**2 + 911*o + 73. What is n(-65)?
8
Let t(a) = -a**2 - 55*a - 138. Give t(-40).
462
Let v(y) = -2155*y - 27999. Determine v(-13).
16
Let o(k) = -3*k**2 - 10. Determine o(6).
-118
Let n(p) = 17*p + 3. Determine n(-5).
-82
Let l(q) = 10*q**2 - 1194*q - 1193. Determine l(-1).
11
Let b(r) = 4*r**3 - 281*r**2 + 59*r + 753. Determine b(70).
-17
Let h(d) = 14*d**3 + 3*d**2 - d + 1. Calculate h(2).
123
Let o(f) = -20*f**2 - 116*f + 145. Give o(-7).
-23
Let f(z) = 33*z**2 - 1071*z - 588. Give f(33).
6
Let i(x) = 169*x - 288. Determine i(3).
219
Let i(o) = -o**3 - 13*o**2 + 167*o + 13. Calculate i(-21).
34
Let n(u) = -u**2 + 267*u + 15846. Give n(-50).
-4
Let v(a) = 4*a**2 - 9*a + 41. Give v(2).
39
Let f(p) = 2*p**2 + 38*p - 503. What is f(-28)?
1
Let v(d) = -d**2 + 16*d + 323. Give v(-11).
26
Let y(i) = i**3 + 3*i**2 - 22*i + 116. What is y(-8)?
-28
Let v(q) = -4*q**2 - 6*q - 3. Determine v(3).
-57
Let k(n) = -18*n**3 + 342*n**2 + n - 3. What is k(19)?
16
Let r(g) = g**2 - 76*g - 726. What is r(80)?
-406
Let h(q) = q**3 - 18*q**2 + 7*q - 148. Give h(18).
-22
Let d(h) = -40*h + 598. What is d(18)?
-122
Let a(i) = -i**3 + 18*i**2 + 93*i - 9. Calculate a(22).
101
Let a(k) = -k**2 + 63*k + 2626. Determine a(-29).
-42
Let k(u) = -u**2 - 19*u - 16. Give k(0).
-16
Let c(o) = 2*o**2 - 69*o + 538. What is c(12)?
-2
Let b(m) = 2*m**3 - m**2 + 7*m - 22. Calculate b(2).
4
Let u(s) = -s**3 - 130*s**2 + 396*s - 443. Determine u(-133).
-44
Let t(x) = -7*x**3 + 351*x**2 + 351*x - 1. What is t(-1)?
6
Let o(b) = -105*b - 364. Give o(-7).
371
Let r(u) = u**2 + 118*u + 3071. What is r(-79)?
-10
Let s(m) = -m**2 - 51*m - 517. What is s(-37)?
1
Let v(j) = 71*j - 2833. Give v(40).
7
Let b(v) = v**2 - 42*v - 269. What is b(41)?
-310
Let p(m) = 110*m + 11327. Determine p(-103).
-3
Let u(p) = 240*p - 2547. Calculate u(9).
-387
Let t(d) = 173*d - 171. Calculate t(1).
2
Let z(d) = 2*d**3 + 95*d**2 + 33*d - 654. Give z(-47).
4
Let n(x) = 4*x**2 - 557*x + 2752. Determine n(5).
67
Let r(j) = 34*j + 210. Calculate r(-37).
-1048
Let r(p) = -18*p**2 - 49*p + 150. Determine r(5).
-545
Let p(x) = 1433*x + 219240. Calculate p(-153).
-9
Let g(z) = z**2 + 761*z + 3028. Determine g(-4).
0
Let q(k) = -163*k - 13. Calculate q(0).
-13
Let a(q) = q**2 - 11*q + 9. Determine a(5).
-21
Let t(q) = -q**2 + 76*q - 1507. Give t(43).
-88
Let a(u) = 2*u**3 - 5*u**2 + 135*u - 386. Determine a(3).
28
Let i(x) = 2*x**3 - 141*x**2 - 68*x - 216. What is i(71)?
-3
Let h(b) = 151*b - 40. Give h(1).
111
Let z(k) = -1238*k**3 + 5*k**2 - 8*k + 6. Determine z(1).
-1235
Let x(a) = a**3 - 2*a**2 + 7*a - 62. Determine x(6).
124
Let y(s) = 113*s**3 + s**2 - 3*s + 2. Give y(1).
113
Let i(m) = 368*m - 24287. Give i(66).
1
Let s(r) = 4*r**2 + 9*r - 512. Gi